e highest common factor of 141 and r.
3
Let g = 8 - 2. Let d(k) = 8*k - 10. Let u be d(g). What is the greatest common divisor of 95 and u?
19
Let g = 13 + -7. Let t(z) = -10*z + 122. Let q be t(12). Calculate the highest common factor of q and g.
2
Let j(o) = -o**3 + 17*o**2 + 40*o + 42. Let d be j(19). What is the greatest common divisor of d and 64?
16
Let x = -1 + 0. Let q be x/(-2)*-1*-10. Suppose 4*s - q*h - 359 = -0*h, 2*s - 4*h = 172. What is the greatest common divisor of s and 24?
24
Let f = 143 - 112. Calculate the highest common factor of 124 and f.
31
Suppose -5*y + 14 = 4. Let w(x) = -17*x + 0 - 2 + y. Let f be w(-9). What is the highest common factor of f and 17?
17
Let b(z) = z**3 + 6*z**2 - 2*z + 3. Let m be b(-6). Let j be -2*(((-6)/3 - 27) + 1). Let u = j - 41. What is the highest common divisor of m and u?
15
Let m = 198 - 143. What is the greatest common factor of 5 and m?
5
Suppose -m + 2*m = 5*x + 18, 2*x + 6 = m. Let t be (5 - x)/((-9)/(-6)). What is the greatest common factor of 15 and t?
3
Let v(s) = -s**2 + 56*s + 132. Let f be v(56). What is the highest common factor of f and 24?
12
Suppose -16 = h - x, 0 = -6*h + 3*h + 5*x - 40. Let v = 16 + h. Let f be (-1540)/(-16) + v/16. Calculate the highest common factor of 12 and f.
12
Let g(x) = -43*x - 449. Let d be g(-11). Let p(j) = -5*j + 1. Let r be p(-3). Calculate the highest common divisor of d and r.
8
Suppose -98 = -3*o + d, 3*d - 16 = -d. What is the greatest common divisor of 17 and o?
17
Suppose -2*n - 55 = -79. Let m = -19 + 55. What is the greatest common divisor of n and m?
12
Suppose 0 = -r - 3*r + 84. Suppose 0 = 4*b + 2983 + 569. Let h be 4/(-14) - b/r. Calculate the greatest common factor of 28 and h.
14
Suppose -2*q = 4*g + 78 - 234, -3*q = 4*g - 236. What is the greatest common divisor of q and 135?
5
Suppose 0 = k - 2*d - 963, 2*k - 3*d - 960 = k. Let g = -690 + k. What is the highest common factor of 31 and g?
31
Let p(j) = -2*j - 6. Let r be p(-9). Suppose 2*n - r = -0*n. Let k(q) = q**3 - 6*q**2 + 2*q + 5. Let s be k(n). What is the highest common divisor of 136 and s?
17
Let n(a) = 2*a**2 - 32*a - 30. Let b be n(17). Suppose 967 = 5*t + b*h, -3*t - 2*t + 4*h = -983. Calculate the highest common divisor of t and 78.
39
Let j(z) = z - 3. Let y be j(6). Let w be -1 + 17*(-32)/(-4). Suppose -y*q - 90 = -4*u - q, -2*q + w = 5*u. Calculate the greatest common factor of 10 and u.
5
Let p(m) = m**3 + 8*m**2 - 20*m - 78. Let c be p(-9). What is the highest common factor of 1407 and c?
21
Let m(o) = o**2 + 30*o + 15. Let l be m(-33). Calculate the highest common divisor of 19 and l.
19
Suppose w + 4 = -5*u + 5*w, -2*w = -5*u - 2. Suppose -h + 6 + 5 = u. Calculate the highest common factor of 143 and h.
11
Suppose 14*t + 168 = 22*t. What is the greatest common factor of 9 and t?
3
Suppose 135*j - 88 = 124*j. Suppose 2*q + 1 = -r, -4*r + q = -3*q - 20. Suppose r*i - 4*i + j = 0. What is the highest common divisor of i and 20?
4
Let q be -10*((-3)/(-2))/3 + 66. Calculate the greatest common factor of 1 and q.
1
Suppose 0*b + 2*b - 3*d - 16 = 0, 0 = -3*b + d + 17. Suppose 4*q = -b*s + 92, -4*q - 40 = -6*q - s. What is the highest common factor of 27 and q?
9
Let w(f) = f**3 - 78*f**2 + 264*f - 2919. Let a be w(75). Suppose -3*r = -3 - 0. Let x = 7 - r. Calculate the greatest common divisor of a and x.
6
Let b = 145 - 131. Calculate the greatest common divisor of 161 and b.
7
Let z(c) = -8*c**3 - c**2 - 7*c - 18. Let i be z(-2). Calculate the greatest common divisor of i and 364.
28
Suppose -3303 = -5*u - 4*r, -24*u + 29*u + 2*r - 3309 = 0. What is the highest common factor of 51 and u?
51
Let f(y) = y**3 + 10*y**2 - 10*y + 8. Suppose 3 + 30 = -3*q. Let n be f(q). Let b = n - -15. Calculate the highest common factor of b and 96.
12
Let w be 104/2 - (-13 + 12). Let u = w - 17. Calculate the highest common divisor of u and 4.
4
Let o = 2934 + -1786. Calculate the highest common factor of 28 and o.
28
Suppose -3*k + 48 = -4*o, -1 = k + 2*o - 7. Let f = 16 - k. Suppose 5*r + z - 50 = 0, -3*r = 5*z - 0*z - 30. What is the highest common divisor of f and r?
2
Let r(b) = 49*b + 269. Let u be r(-5). What is the greatest common divisor of u and 42?
6
Let t = 8 + 29. Let d = t + -5. Let c = d + -14. Calculate the highest common factor of 9 and c.
9
Let i = -2061 + 2951. What is the highest common divisor of 10 and i?
10
Let s = -13 + 20. Suppose 2*n - 4*l = -4, 3*n + l = -l + 2. Let h be 0/1 - (n + -1). Calculate the highest common divisor of h and s.
1
Suppose -5*l - 32 = -7. Let o(j) = -j - 5. Let c be o(l). Suppose 4*r + 49 = p, p = r - c*r + 37. Calculate the greatest common divisor of 3 and p.
3
Let y(n) = -n - 6. Let m(c) = -c - 7. Let a(o) = -3*m(o) + 2*y(o). Let b be a(3). What is the greatest common divisor of 28 and b?
4
Suppose 2 = -o + 9. Let w(d) = -6*d - o + 8 + 2. Let i be w(-6). What is the greatest common divisor of 13 and i?
13
Suppose 2*x - 2 = -2*r, 0 = 3*r + 5*x - 8 + 1. Let w(h) = -60*h. Let n be w(r). Let l = 17147 + -17132. What is the highest common factor of l and n?
15
Let i(h) = 3*h**2 + 3*h + 3. Let d be i(-1). Suppose -j = d, m + 0*j - 16 = -2*j. Calculate the highest common factor of m and 242.
22
Suppose -2*p + 3*h + 58 = 2*p, 0 = 2*p + 5*h - 42. Suppose -2*c + 293 = -k, -3*c - 2*c + 705 = 3*k. Calculate the greatest common factor of p and c.
16
Let u be ((-4)/10)/(10 + (-20944)/2090). Let s be 152 + 0/(1 - -1). Calculate the greatest common divisor of u and s.
19
Let s be (-6)/((-24)/308) - -3. Let w be ((-6)/15)/((-2)/s). What is the greatest common factor of 16 and w?
16
Let t = -18 - -26. Suppose 4*u = 4*s + t, 3*s + 3*u - 5 = 19. Suppose -j + s*v + 152 = 0, 2*j - 456 = -j - 3*v. Calculate the highest common factor of 19 and j.
19
Suppose -31 + 0 = -q. Suppose 2*s - q = 4*v + 33, -149 = -5*s - v. What is the greatest common factor of 12 and s?
6
Let r = -14 - 17. Suppose 2*u + 58 = -80. Let j = r - u. What is the highest common factor of j and 95?
19
Suppose -y - 3*z = -5*y + 76, -5*z = -3*y + 57. What is the highest common divisor of 1 and y?
1
Let c(b) = -b**3 - 605. Let u be c(0). Let v = u + 893. What is the highest common factor of 36 and v?
36
Suppose -34720 = 22*d - 62*d. Calculate the greatest common divisor of d and 56.
28
Let r(f) = 3*f - 3. Let w be r(2). Suppose -10 = -2*v - 4*u, -v - w*u = -4*v + 15. Calculate the greatest common factor of v and 5.
5
Suppose s - 32*m + 36*m - 27 = 0, -2*s = -2*m - 74. What is the greatest common divisor of 63 and s?
7
Let n be (-2)/3*(3 - 1032). Calculate the greatest common factor of 98 and n.
98
Suppose 9*o - 1344 = -19*o. Calculate the highest common divisor of 24 and o.
24
Suppose -209 = -22*k + 869. What is the greatest common divisor of k and 21?
7
Let o = -1308 + 813. Let j be ((-8)/20)/(3/o). What is the highest common factor of 99 and j?
33
Suppose -h + 0*c + 3*c = 1, 0 = 5*h + 2*c - 12. Suppose -3*g + 0*g - 75 = -2*f, f - 25 = -g. Suppose 6*z = z + f. What is the highest common divisor of h and z?
2
Let h be (-3)/2*2/(-9)*6. Suppose -104 = -3*k - h*g, 2*k - 66 = -g + 3*g. Calculate the greatest common divisor of 306 and k.
34
Let t(n) = -10*n + 26. Let k be t(-4). Let d = k + -65. What is the greatest common divisor of d and 6?
1
Suppose -k = -0*k + 3*i - 114, i + 4 = 0. Suppose -20*m = -8*m - 504. Calculate the greatest common factor of m and k.
42
Let y(p) = 17*p**2 + 1. Let a be y(1). Calculate the greatest common factor of a and 6.
6
Suppose 5 = 5*s, 13*k - 3*s = 8*k + 102. What is the greatest common divisor of k and 63?
21
Let x be -7 + 3 - -7 - 1. Let a be (x/(-5))/(3/(-300)). Let u = -20 + a. Calculate the highest common factor of 220 and u.
20
Suppose 21 = -3*i + 30. Calculate the greatest common divisor of 51 and i.
3
Let a be 0*4/(16/(-2)). Suppose a*p - 5*p = 0. Suppose 13 = -2*c - 3*o, 3*c + p = -3*o - 12. Calculate the highest common factor of c and 1.
1
Let k(w) = 12*w - 43. Let f(a) = -8*a + 29. Let o(b) = -8*f(b) - 5*k(b). Let q be o(8). What is the greatest common factor of q and 60?
15
Let o(q) = -5*q**3 - 11*q**2 - q + 9. Let a be o(-5). Calculate the greatest common divisor of a and 84.
28
Let h be 33189/148*(-8)/(-6). Calculate the greatest common factor